{"id":547,"date":"2025-10-24T00:22:06","date_gmt":"2025-10-24T00:22:06","guid":{"rendered":"https:\/\/mindfulnessycompasion.com.ar\/?post_type=product&#038;p=547"},"modified":"2026-01-21T10:44:49","modified_gmt":"2026-01-21T13:44:49","slug":"membresia-plan-anual-2","status":"publish","type":"product","link":"https:\/\/mindfulnessycompasion.com.ar\/en\/product\/membresia-plan-anual-2\/","title":{"rendered":"Membresia Plan Anual"},"content":{"rendered":"<h3>Membres\u00eda Comunidad Compasiva<\/h3>\n<p>Pr\u00e1ctica acompa\u00f1ada con ritmo amable.<br \/>\nCada mes: Encuentro en vivo (clase tem\u00e1tica + ejercicios compasivos en comunidad), m\u00e1s meditaci\u00f3n, cuaderno y Q&amp;A.<br \/>\nNo acumulamos recursos sin sentido: todo est\u00e1 dise\u00f1ado para integrarlo en lo cotidiano.<br \/>\nC\u00e1psulas breves: Autocr\u00edtica, Mindfulness, Autocompasi\u00f3n, Amor propio, Relaciones, Ansiedad,<br \/>\nAutocuidado, L\u00edmites con compasi\u00f3n (compasi\u00f3n feroz), Vida con sentido, Mitos.<\/p>\n<p>Acceso inmediato en todos lo planes, desde el d\u00eda 1, ya ten\u00e9s 2 rutas para empezar o retomar tu pr\u00e1ctica.<\/p>\n<ul>\n<li>Curso incluido \u2013 Reconecta con tu vida (7 pasos): on\u2011demand, 10\u201315 min por paso<\/li>\n<li>Curso \u2013 Introducci\u00f3n a la Autocompasi\u00f3n: base pr\u00e1ctica para entrenar la voz amable.<\/li>\n<\/ul>\n<p>&nbsp;<\/p>","protected":false},"excerpt":{"rendered":"<p>Suscribite ahora y tu plan de 12 meses te sale al precio de 10.<\/p>\n<ul>\n<li>Para aquellas personas que quieran profundizar y comprometerse con pr\u00e1ctica sostenida<\/li>\n<li>Acceso los cursos por 12 meses<\/li>\n<li>Meditaci\u00f3n central (audio 10\u201315\u2019).<\/li>\n<li>Acceso a biblioteca hist\u00f3rica<\/li>\n<li>Bonus: 10% OFF en talleres.<\/li>\n<\/ul>","protected":false},"featured_media":548,"template":"","meta":[],"product_brand":[],"product_cat":[18],"product_tag":[54],"class_list":{"0":"post-547","1":"product","2":"type-product","3":"status-publish","4":"has-post-thumbnail","6":"product_cat-membresia","7":"product_tag-comunidad-compasiva","9":"entry","10":"has-media","12":"first","13":"instock","14":"downloadable","15":"virtual","16":"purchasable","17":"product-type-simple","18":"has-product-nav","19":"col","20":"span_1_of_3","21":"owp-content-center","22":"owp-thumbs-layout-horizontal","23":"owp-btn-normal","24":"owp-tabs-layout-horizontal","25":"has-no-thumbnails"},"_links":{"self":[{"href":"https:\/\/mindfulnessycompasion.com.ar\/en\/wp-json\/wp\/v2\/product\/547","targetHints":{"allow":["GET"]}}],"collection":[{"href":"https:\/\/mindfulnessycompasion.com.ar\/en\/wp-json\/wp\/v2\/product"}],"about":[{"href":"https:\/\/mindfulnessycompasion.com.ar\/en\/wp-json\/wp\/v2\/types\/product"}],"version-history":[{"count":3,"href":"https:\/\/mindfulnessycompasion.com.ar\/en\/wp-json\/wp\/v2\/product\/547\/revisions"}],"predecessor-version":[{"id":2109,"href":"https:\/\/mindfulnessycompasion.com.ar\/en\/wp-json\/wp\/v2\/product\/547\/revisions\/2109"}],"wp:featuredmedia":[{"embeddable":true,"href":"https:\/\/mindfulnessycompasion.com.ar\/en\/wp-json\/wp\/v2\/media\/548"}],"wp:attachment":[{"href":"https:\/\/mindfulnessycompasion.com.ar\/en\/wp-json\/wp\/v2\/media?parent=547"}],"wp:term":[{"taxonomy":"product_brand","embeddable":true,"href":"https:\/\/mindfulnessycompasion.com.ar\/en\/wp-json\/wp\/v2\/product_brand?post=547"},{"taxonomy":"product_cat","embeddable":true,"href":"https:\/\/mindfulnessycompasion.com.ar\/en\/wp-json\/wp\/v2\/product_cat?post=547"},{"taxonomy":"product_tag","embeddable":true,"href":"https:\/\/mindfulnessycompasion.com.ar\/en\/wp-json\/wp\/v2\/product_tag?post=547"}],"curies":[{"name":"wp","href":"https:\/\/api.w.org\/{rel}","templated":true}]}}

<h3>Membresía Comunidad Compasiva</h3>
<p>Práctica acompañada con ritmo amable.<br />
Cada mes: Encuentro en vivo (clase temática + ejercicios compasivos en comunidad), más meditación, cuaderno y Q&amp;A.<br />
No acumulamos recursos sin sentido: todo está diseñado para integrarlo en lo cotidiano.<br />
Cápsulas breves: Autocrítica, Mindfulness, Autocompasión, Amor propio, Relaciones, Ansiedad,<br />
Autocuidado, Límites con compasión (compasión feroz), Vida con sentido, Mitos.</p>
<p>Acceso inmediato en todos lo planes, desde el día 1, ya tenés 2 rutas para empezar o retomar tu práctica.</p>
<ul>
<li>Curso incluido – Reconecta con tu vida (7 pasos): on‑demand, 10–15 min por paso</li>
<li>Curso – Introducción a la Autocompasión: base práctica para entrenar la voz amable.</li>
</ul>
<p>&nbsp;</p>

<p>Suscribite ahora y tu plan de 12 meses te sale al precio de 10.</p>
<ul>
<li>Para aquellas personas que quieran profundizar y comprometerse con práctica sostenida</li>
<li>Acceso los cursos por 12 meses</li>
<li>Meditación central (audio 10–15’).</li>
<li>Acceso a biblioteca histórica</li>
<li>Bonus: 10% OFF en talleres.</li>
</ul>
